t is -74e - 0?
-74e
In base 13, what is 4 - 26?
-22
In base 10, what is 1 - -735?
736
In base 14, what is -b - 2?
-d
In base 3, what is -21 - -212?
121
In base 11, what is 23537 - -1?
23538
In base 9, what is -23 - 62?
-85
In base 9, what is 235 + -141?
84
In base 9, what is -1 - -10044?
10043
In base 4, what is -23 - 200?
-223
In base 4, what is 203 + 12?
221
In base 8, what is 143 + 3?
146
In base 14, what is -5 + -9d?
-a4
In base 11, what is -128 + 20?
-108
In base 15, what is -1448d - -5?
-14488
In base 3, what is -112 - 11212?
-12101
In base 2, what is 10111000 + 11?
10111011
In base 9, what is -212 - -2?
-210
In base 11, what is 10376 - -1?
10377
In base 7, what is -4412 - 3?
-4415
In base 10, what is -4 - 11?
-15
In base 14, what is 27 - -18?
41
In base 6, what is 32 + 233?
305
In base 3, what is -101020 - 10?
-101100
In base 11, what is 6 + -13?
-8
In base 15, what is 14a - -2?
14c
In base 11, what is -5 + 36?
31
In base 15, what is -464 + -8?
-46c
In base 6, what is 0 - 3532?
-3532
In base 14, what is -71 + -2?
-73
In base 7, what is -31 - -410?
346
In base 3, what is -202101201 - 11?
-202101212
In base 15, what is -3 + -19d?
-1a1
In base 13, what is -13 + -c?
-22
In base 3, what is -222220 - 1?
-222221
In base 13, what is -1868 + 2?
-1866
In base 3, what is -1102 + 12?
-1020
In base 9, what is -33 - 2?
-35
In base 11, what is 14 + 4?
18
In base 14, what is 414 + -5?
40d
In base 10, what is 5837 + 0?
5837
In base 3, what is 1110 + 21?
1201
In base 14, what is b82 - 1?
b81
In base 7, what is 5 - -663?
1001
In base 7, what is 305 - 3?
302
In base 4, what is -3 + 10?
1
In base 4, what is 212121 - -10?
212131
In base 12, what is 233a0 + 3?
233a3
In base 12, what is -1b42 - -2?
-1b40
In base 12, what is -1 + -b?
-10
In base 16, what is 17 - 2?
15
In base 10, what is 170 - 5?
165
In base 7, what is -132 - -3?
-126
In base 14, what is 5 + c?
13
In base 16, what is -5 + d3?
ce
In base 6, what is 1335 + 4?
1343
In base 14, what is -3 - -69?
66
In base 8, what is 215 + -27?
166
In base 2, what is 10100000 - -101?
10100101
In base 12, what is -13a - b?
-149
In base 8, what is 41 + 30?
71
In base 6, what is 11412 - 3?
11405
In base 6, what is 25453 + 3?
25500
In base 4, what is -1032 - -30?
-1002
In base 15, what is -10a + 3e?
-bb
In base 16, what is 17 + -1?
16
In base 6, what is 10132 - -3?
10135
In base 8, what is -152 + 5?
-145
In base 7, what is 60 + -15?
42
In base 2, what is 10 - -1111100001?
1111100011
In base 12, what is -4 - -6?
2
In base 4, what is -1113223 - 1?
-1113230
In base 15, what is a + 3a?
45
In base 4, what is -11313 + 1?
-11312
In base 3, what is 1110 + 10011?
11121
In base 15, what is -1 + 0?
-1
In base 3, what is 12 - 112022?
-112010
In base 7, what is -1 - -55?
54
In base 3, what is -20200 + -2?
-20202
In base 11, what is 1 - 985?
-984
In base 14, what is 2 + -32b?
-329
In base 12, what is -94 - 88?
-160
In base 4, what is -12012 + 102?
-11310
In base 3, what is -22 + 21?
-1
In base 3, what is 22 + -12211?
-12112
In base 8, what is -23 - 2?
-25
In base 6, what is 53 + 103?
200
In base 5, what is 10 + -3241?
-3231
In base 13, what is -63 - -6?
-5a
In base 2, what is -11010 + 11?
-10111
In base 7, what is -53 - -14?
-36
In base 12, what is b0 - 8?
a4
In base 9, what is 2 - -1703?
1705
In base 2, what is 100 - 1011110?
-1011010
In base 14, what is 16 + -7?
d
In base 9, what is 15 + -406?
-381
In base 4, what is -11 - 322203?
-322220
In base 9, what is 2 + -60?
-57
In base 8, what is 256 + 15?
273
In base 14, what is -1 + 23?
22
In base 14, what is -17 - 1ad?
-1c6
In base 11, what is -1 - 29?
-2a
In base 8, what is -2015 + -5?
-2022
In base 9, what is 10 + 147?
157
In base 13, what is 1 + -1a2?
-1a1
In base 10, what is -43 + 10?
-33
In base 15, what is 5 - -2b0?
2b5
In base 5, what is -211 - -4?
-202
In base 10, what is -13 - -12?
-1
In base 4, what is 0 + 30010?
30010
In base 3, what is -10 + 12000?
11220
In base 10, what is 4140 + 5?
4145
In base 2, what is -11 + -1000011?
-1000110
In base 13, what is a60 + 3?
a63
In base 7, what is -1251 + 3?
-1245
In base 4, what is -2 - -313?
311
In base 13, what is -1 - -5?
4
In base 2, what is 110111 + -100?
110011
In base 15, what is 946d + 4?
9472
In base 15, what is -2 + -193?
-195
In base 7, what is 366 - 2?
364
In base 11, what is 4 + 59?
62
In base 6, what is -233 + -1210?
-1443
In base 3, what is -22 - -120?
21
In base 9, what is 2244 - -2?
2246
In base 8, what is -62 + 4?
-56
In base 2, what is -100000 + -1000?
-101000
In base 11, what is 6 + 30?
36
In base 4, what is -11 - 211012?
-211023
In base 12, what is 5 + -70?
-67
In base 11, what is 1 - 2?
-1
In base 5, what is -40 + -2?
-42
In base 10, what is 0 - 188?
-188
In base 15, what is 2b1 + b?
2bc
In base 11, what is -a - 499?
-4a8
In base 3, what is 101 - 220221?
-220120
In base 3, what is -10 - -1022001?
1021221
In base 2, what is 0 + 100011000001?
100011000001
In base 14, what is 4 + 0?
4
In base 4, what is -330300 + -12?
-330312
In base 2, what is -1 - -101000111?
101000110
In base 7, what is -11 - -24?
13
In base 16, what is e90 + -3?
e8d
In base 12, what is 1 + 10?
11
In base 9, what is 12046 - 4?
12042
In base 13, what is -28 - 1?
-29
In base 3, what is 12 - 2011?
-1222
In base 7, what is 351 - -25?
406
In base 3, what is 111112 - -110?
111222
In base 12, what is 46 + 26a?
2b4
In base 16, what is 4 - b?
-7
In base 11, what is -372 + 18?
-355
In base 2, what is 1010 + -1011111?
-1010101
In base 4, what is 10 - -23?
33
In base 16, what is 4 + 15a?
15e
In base 6, what is -2 + -4444?
-4450
In base 11, what is -23 - 3a?
-62
In base 13, what is -a - 4?
-11
In base 3, what is -200122 - 10?
-200202
In base 16, what is -4 - -2?
-2
In base 13, what is 16 - -2b1?
2c7
In base 2, what is 110 + 101000?
101110
In base 11, what is 93 - -1?
94
In base 7, what is -154 - 234?
-421
In base 3, what is 2 - -1122211?
1122220
In base 9, what is 36 + -21?
15
In base 15, what is -2 + -564?
-566
In base 11, what is -1 - -57?
56
In base 10, what is 9 - 1?
8
In base 8, what is 7 + 43?
52
In base 3, what is -2002201 - 10?
-2002211
In base 10, what is 0 - 1917?
-1917
In base 16, what is -b0 + 2?
-ae
In base 4, what is -302 + -210?
-1112
In base 11, what is 30 + 19?
49
In base 4, what is 0 + -221313?
-221313
In base 15, what is 95d - -c?
96a
In base 10, what is 0 + 226?
226
In base 12, what is -1 - 93?
-94
In base 9, what is -85 - -20?
-65
In base 13, what is 67 + 5?
6c
In base 3, what is -11 - 2211?
-2222
In base 14, what is -1 + -4a?
-4b
In base 14, what is d - 143?
-134
In base 3, what is -10021 - 2?
-10100
In base 4, what is -22 - -203332?
203310
In base 14, what is -7a5a - -1?
-7a59
In base 9, what is 0 - -16?
16
In base 10, what is -2 + -85?
-87
In base 15, what is -1 + -b0?
-b1
In base 16, what is 1f - 0?
1f
In base 4, what is 30 + -1312?
-1222
In base 11, what is -34 - 4?
-38
In base 13, what is 6 - -103?
109
In base 5, what is 0 - -4014?
4014
In base 9, what is 0 + -574?
-574
In base 16, what is 4 - c1?
-bd
In base 10, what is 33 + -5?
28
In base 2, what is 10 + 11100010101?
11100010111
In base 3, what is 11 - -121220?
122001
In base 2, what is -1011011100 - -1111?
-1011001101
In base 14, what is 269 - -3?
26c
In base 16, what is -5cf - -1?
-5ce
In base 8, what is 1 - -730?
731
In base 8, what is -7 - -22?
13
In base 5, what is -14 - -102?
33
In base 16, what is 4 - 63?
-5f
In base 10, what is 21 + -22?
-1
In base 9, what is -424 - 0?
-424
In base 2, what is -1011001 - 1000111?
-10100000
In base 6, what is -3 + -131?
-134
In base 16, what is c + -7?
5
In base 5, what is 3 - -1233?
1241
In base 15, what is 1 - 66?
-65
In base 2, what is 10000 - -11?
10011
In base 16, what is 6eda + 5?
6edf
In base 11, what is -2 - 4?
-6
In base 16, what is 1ef + -7?
1e8
In base 6, what is -14532 - -2?
-14530
In base 5, what is -1 + -31?
-32
In base 14, what is -5 - c8?
-cd
In base 6, what is 1 + 2?
3
In base 5, what is -30 - 1212?
-1242
In base 16, what is -5 - 1fa?
-1ff
In base 11, what is 6 - 42?
-37
In base 12, what is 5b - -68?
107
In base 11, what is -5 + -44a?
-454
In base 7, what is 13131 + 5?
13136
In base 8, what is -141 + -16?
-157
In base 4, what is -121032 + 10?
-121022
In base 8, what is 4 - 67?
-63
In base 2, what is -1100011 + 101101?
-110